Raporty NOAA


Wybierz miesiac lub rok

Report for 2013 Kwi
                   Monthly Climatological Summary for kwi 2013

Name: Pogoda w Radlinie   City: Radlin   State: Woj. slaskie
Elevation: 285 m  Lat: N 50° 02' 43"   Lon: E 018° 29' 36"

                  Temperature (°C), Rain (mm), Wind Speed (km/h)

                                      Heat  Cool        Avg
    Mean                              Deg   Deg         Wind                 Dom
Day Temp  High   Time   Low    Time   Days  Days  Rain  Speed High   Time    Dir
----------------------------------------------------------------------------------
 1  -1,0   2,8   14:15  -2,8   04:29  19,3   0,0   8,2   8,8  23,4   00:00   WNW
 2   0,5   5,0   13:58  -3,0   06:56  17,5   0,0   5,9   8,9  24,5   18:27    NE
 3  -0,4   0,8   14:41  -1,7   05:48  18,6   0,0   3,9  12,9  27,0   04:43   NNE
 4   0,1   1,4   13:19  -0,9   05:59  18,3   0,0   6,5   8,5  18,4   14:36   NNW
 5   0,6   2,2   14:11  -0,4   03:17  17,9   0,0   0,5   5,8  14,8   16:14     N
 6   0,7   1,6   15:26   0,0   00:23  17,5   0,0   0,5   7,4  17,3   14:25   NNW
 7   1,8   5,5   13:47  -1,7   23:58  16,7   0,0   0,0   6,1  17,3   12:11   NNW
 8   1,7   7,9   15:47  -4,6   05:43  16,6   0,0   0,0   7,3  20,9   10:34     E
 9   2,4   4,5   15:19   0,5   06:26  15,9   0,0   4,4   6,8  19,4   04:09   ESE
10   6,4  11,6   17:45   1,1   01:53  11,9   0,0   1,6  10,7  33,1   10:54   SSW
11  10,7  16,2   13:25   4,5   04:24   7,6   0,0   0,0  16,9  40,3   12:43   SSW
12  12,0  14,9   17:53  10,3   23:54   6,3   0,0   0,8  13,2  36,7   09:42   SSW
13  10,3  15,5   13:43   6,5   04:51   8,0   0,0   1,0  12,4  37,8   14:23    SW
14  10,3  16,1   14:22   3,9   06:18   8,0   0,0   0,0   8,9  27,0   14:42    NW
15  10,3  17,0   17:32   3,6   06:08   8,0   0,0   0,0  10,5  25,6   21:16   ESE
16  12,8  20,7   15:18   4,0   06:26   5,8   0,4   0,0   8,8  25,6   14:36     S
17  14,4  20,7   17:33   9,5   01:38   4,3   0,4   0,5   8,7  25,6   08:57     S
18  17,2  24,7   15:26   9,0   05:38   3,0   1,9   0,0  10,1  27,0   14:44   SSW
19  12,8  16,2   05:18   8,8   23:54   5,5   0,0   1,6  10,2  25,6   16:33    NW
20  10,1  12,6   17:32   8,3   04:34   8,2   0,0   0,7  12,1  25,6   12:11     N
21  11,5  17,4   15:42   5,6   04:49   6,6   0,0   0,0  13,0  30,6   11:47   NNE
22  14,2  22,1   14:53   5,8   05:21   4,9   0,7   0,0   6,4  27,0   17:29   ESE
23  16,4  22,9   14:07   9,1   05:41   3,1   1,2   0,0   9,8  35,6   15:25    SW
24  15,8  20,9   15:45  10,3   06:15   3,1   0,5   0,0   6,7  22,0   13:26     W
25  17,5  23,5   14:14  11,3   02:54   2,4   1,6   0,0   7,8  23,4   12:39   WSW
26  19,7  27,3   14:29  10,4   05:44   2,1   3,4   0,0  13,1  43,9   14:29     S
27  19,2  25,0   15:54  12,8   23:46   0,5   1,8   0,0   8,7  28,1   14:38    SW
28  10,1  12,9   00:15   8,2   12:47   5,4   0,0   2,4   8,2  25,6   09:57    NW
29  15,0  22,2   14:48   9,1   05:50   2,3   1,8   0,0   8,6  30,6   12:55     W
30  15,2  19,7   16:17  12,1   05:13   1,2   0,9   2,0   8,8  27,0   15:13   NNE
----------------------------------------------------------------------------------
     9,6  27,3    26    -4,6     8   266,5  14,6  40,5   9,5  43,9    26     WSW

Max >=  25,0:  2
Max <=  15,0: 13
Min <=  10,0: 24
Min <= -10,0:  0
Max Rain: 8,2 on day 1
Days of Rain: 15 (>= 0,2 mm)  7 (>= 2,0 mm)  0 (>= 20,0 mm)
Heat Base: 15,5  Cool Base: 15,5  Method: Integration