Raporty NOAA



Report for 2013 Marz
                   Monthly Climatological Summary for mar 2013

Name: Pogoda w Radlinie   City: Radlin   State: Woj. slaskie
Elevation: 285 m  Lat: N 50° 02' 43"   Lon: E 018° 29' 36"

                  Temperature (°C), Rain (mm), Wind Speed (km/h)

                                      Heat  Cool        Avg
    Mean                              Deg   Deg         Wind                 Dom
Day Temp  High   Time   Low    Time   Days  Days  Rain  Speed High   Time    Dir
----------------------------------------------------------------------------------
 1   1,1   1,9   13:45   0,1   00:00  16,9   0,0   0,1   9,4  24,5   23:32    NW
 2   1,0   5,7   14:34  -1,9   06:45  17,3   0,0   0,0   9,8  27,0   14:58    NW
 3   0,7   3,3   15:06  -1,6   06:51  17,6   0,0   0,1  14,6  43,9   14:40     W
 4   1,5   6,6   14:48  -2,5   06:36  16,8   0,0   0,0   7,2  20,9   01:29     N
 5   4,0  12,4   14:23  -3,1   02:35  14,3   0,0   0,0   8,0  27,0   14:53     S
 6   7,2  14,6   14:10  -0,6   06:08  11,1   0,0   0,0   7,9  52,6   10:25     S
 7   8,6  12,0   11:35   4,9   03:14   9,7   0,0   1,0   6,0  20,9   12:14   ESE
 8   4,5   7,4   00:00   1,6   23:45  13,8   0,0   0,9   8,4  24,5   09:59   ENE
 9   1,3   2,1   15:07   0,1   23:52  16,9   0,0   1,3   5,4  14,8   21:23    NE
10   1,9   6,3   14:26  -0,3   06:11  16,3   0,0   1,6   6,5  14,8   14:32     E
11  -0,8   2,0   08:43  -3,8   22:29  19,1   0,0   5,8   2,8  30,6   09:57   ENE
12  -2,9  -1,2   14:03  -4,1   03:55  21,2   0,0   0,3   3,9  15,8   22:36   NNE
13  -2,8  -1,4   11:39  -3,5   05:14  21,1   0,0   0,0   8,8  19,4   21:30     N
14  -4,5  -3,4   00:58  -5,5   20:59  23,0   0,0   0,0  16,2  36,7   18:37     N
15  -3,8  -1,2   14:39  -5,7   03:39  22,1   0,0   0,0  21,2  45,4   13:09   NNW
16  -4,2  -0,5   15:07  -7,7   23:36  22,5   0,0   0,1   7,0  19,4   10:48   NNW
17  -2,7   2,9   14:48  -8,6   06:07  21,0   0,0   0,3  10,7  28,1   10:19    SE
18   0,8   4,2   11:15  -2,1   02:07  17,5   0,0   0,0  14,0  25,6   08:39   ESE
19   1,0   2,1   16:06   0,3   00:00  17,3   0,0  13,1  12,4  40,3   14:20    SW
20   4,4   9,2   15:10   0,9   06:07  13,9   0,0   0,1  11,6  33,1   09:30    SW
21   0,9   4,6   14:22  -1,5   23:45  17,4   0,0   4,3  10,9  45,4   17:46   NNW
22  -2,3  -1,3   02:08  -4,9   23:40  20,6   0,0   0,0  15,5  33,1   02:55     N
23  -6,3  -2,8   14:50 -10,4   23:49  24,6   0,0   0,3  12,4  25,6   18:28   NNE
24  -6,7  -1,0   15:32 -12,7   05:22  25,0   0,0   0,0  11,3  30,6   12:16   ENE
25  -4,5  -1,3   13:43  -7,2   05:08  22,8   0,0   0,0  20,0  42,8   11:06   ENE
26  -3,1  -0,9   13:13  -4,7   04:33  21,4   0,0   0,0  21,7  43,9   11:55   ENE
27  -3,2  -0,8   15:08  -5,1   05:19  21,6   0,0   0,0  17,6  34,2   16:26   ENE
28  -0,1   4,1   11:41  -4,6   04:40  18,4   0,0   0,4   7,8  22,0   00:56   ESE
29   1,2   3,8   16:07  -0,8   00:00  17,0   0,0   8,7  11,6  30,6   12:37     S
30   2,7   7,0   13:34  -1,8   05:59  15,6   0,0   0,0   5,8  17,3   11:13     E
31  -1,0   1,4   00:00  -2,4   23:36  18,5   0,0   0,0  15,5  35,6   15:23     N
----------------------------------------------------------------------------------
    -0,2  14,6     6   -12,7    24   572,3   0,0  38,4  11,0  52,6     6      NE

Max >=  25,0:  0
Max <=  15,0: 31
Min <=  10,0: 31
Min <= -10,0:  2
Max Rain: 13,1 on day 19
Days of Rain: 12 (>= 0,2 mm)  4 (>= 2,0 mm)  0 (>= 20,0 mm)
Heat Base: 15,5  Cool Base: 15,5  Method: Integration