Raporty NOAA


Wybierz miesiac lub rok

Report for 2013 Lut
                   Monthly Climatological Summary for lut 2013

Name: Pogoda w Radlinie   City: Radlin   State: Woj. slaskie
Elevation: 285 m  Lat: N 50° 02' 43"   Lon: E 018° 29' 36"

                  Temperature (°C), Rain (mm), Wind Speed (km/h)

                                      Heat  Cool        Avg
    Mean                              Deg   Deg         Wind                 Dom
Day Temp  High   Time   Low    Time   Days  Days  Rain  Speed High   Time    Dir
----------------------------------------------------------------------------------
 1   4,5   7,3   14:36   2,6   05:14  13,8   0,0   0,5  13,2  33,1   08:45    SW
 2   3,3   5,3   14:12   1,2   23:58  15,1   0,0   3,0  12,4  37,8   18:48    NW
 3  -1,1   1,4   00:10  -2,6   20:08  19,4   0,0   0,6  16,5  45,4   04:39    NW
 4   1,5   4,2   14:08  -1,3   00:00  17,0   0,0   0,8  20,2  43,9   18:54   SSW
 5   3,7   6,2   13:32   2,5   19:19  14,7   0,0   0,0  18,6  42,8   11:54   SSW
 6   1,1   4,5   13:41  -1,8   23:07  17,3   0,0   0,9   8,6  22,0   00:36    SW
 7  -1,1   0,7   14:09  -2,4   07:19  19,4   0,0   0,0   8,1  25,6   12:10   NNW
 8  -1,7   1,3   13:07  -4,4   22:58  20,1   0,0   0,4   4,2  13,3   13:58   NNW
 9  -2,1   0,2   14:28  -3,7   00:00  20,4   0,0   0,1   6,0  19,4   14:33     N
10  -2,9  -1,4   11:09  -3,7   18:12  21,2   0,0   0,0   7,9  24,5   12:48   NNE
11  -2,6   0,1   13:10  -5,1   23:58  20,8   0,0   0,0   7,1  17,3   12:17   ESE
12  -3,0  -1,1   17:40  -5,1   00:00  21,3   0,0   0,0   7,0  18,4   08:52   ENE
13  -1,4  -0,6   13:29  -2,2   00:12  19,7   0,0   0,0   3,9  13,3   20:14     N
14  -1,1   0,0   15:40  -2,0   04:41  19,4   0,0   0,0   5,5  14,8   02:49     N
15   0,3   1,7   13:31  -0,7   02:56  18,1   0,0   0,2   2,3   8,6   10:42     E
16   0,6   1,6   12:48   0,1   02:50  17,6   0,0   1,0   2,7   8,6   21:09     N
17   0,2   2,0   12:06  -1,6   23:49  18,1   0,0   0,1   3,4  11,2   20:33   ENE
18  -1,7  -0,5   14:54  -2,4   06:45  20,0   0,0   0,0   3,8  14,8   13:01   NNE
19  -0,6   0,7   11:41  -2,0   00:10  18,9   0,0   0,9  13,4  35,6   09:36    SW
20  -2,3   0,6   12:46  -5,1   23:55  20,6   0,0   0,4   9,2  23,4   16:24    NW
21  -4,9  -1,3   13:07  -6,5   07:54  23,3   0,0   0,0   6,2  14,8   06:21    NW
22  -3,8  -1,8   13:26  -6,6   02:14  22,1   0,0   0,0  10,6  30,6   13:54    NE
23  -0,8   1,0   14:39  -3,0   00:07  19,2   0,0   0,0   9,1  25,6   15:17   ENE
24   2,6   6,0   13:42   0,6   00:00  15,7   0,0   2,1   8,6  24,5   07:48     E
25   2,3   4,9   14:47   1,1   04:51  16,0   0,0   0,0   5,7  25,6   02:49     E
26   1,2   1,8   00:10   0,7   09:52  17,1   0,0   0,4   6,3  17,3   23:54   NNE
27   2,6   5,1   15:08   1,0   06:17  15,7   0,0   0,3   8,7  20,9   05:31    NE
28   1,3   5,9   15:23  -1,8   06:35  17,1   0,0   0,0   4,2  13,3   15:21     W
----------------------------------------------------------------------------------
    -0,2   7,3     1    -6,6    22   519,1   0,0  11,7   8,4  45,4     3     NNW

Max >=  25,0:  0
Max <=  15,0: 28
Min <=  10,0: 28
Min <= -10,0:  0
Max Rain: 3,0 on day 2
Days of Rain: 13 (>= 0,2 mm)  2 (>= 2,0 mm)  0 (>= 20,0 mm)
Heat Base: 15,5  Cool Base: 15,5  Method: Integration