Raporty NOAA


Wybierz miesiac lub rok

Report for 2013 Sty
                   Monthly Climatological Summary for sty 2013

Name: Pogoda w Radlinie   City: Radlin   State: Woj. slaskie
Elevation: 285 m  Lat: N 50° 02' 43"   Lon: E 018° 29' 36"

                  Temperature (°C), Rain (mm), Wind Speed (km/h)

                                      Heat  Cool        Avg
    Mean                              Deg   Deg         Wind                 Dom
Day Temp  High   Time   Low    Time   Days  Days  Rain  Speed High   Time    Dir
----------------------------------------------------------------------------------
 1   3,3   7,1   13:24  -0,7   23:15  15,0   0,0   0,0  16,8  36,7   22:42   SSW
 2  -0,3   0,6   14:13  -0,9   03:17  18,6   0,0   0,0  18,8  40,3   02:33   SSW
 3   1,4   4,0   23:56   0,0   06:38  17,1   0,0   2,1  22,0  51,5   12:42   SSW
 4   5,1   8,0   14:34   3,5   21:25  12,8   0,0   4,2  13,2  37,8   05:27   WNW
 5   3,9   6,6   02:40   0,5   23:56  14,5   0,0   0,3  19,3  45,4   13:34   NNW
 6   0,2   1,2   12:14  -0,7   23:36  12,4   0,0   0,1   4,4  23,4   00:00     W
 7  -3,5  -0,7   00:00  -7,7   23:31  21,8   0,0   0,0   0,0   0,0   00:00     E
 8  -4,8  -1,6   23:32  -8,5   07:32  23,1   0,0   0,0   9,1  31,7   19:32   SSW
 9   0,4   1,4   11:02  -1,6   00:00  17,9   0,0   0,0   4,7  23,4   17:49     S
10   1,1   2,0   12:30   0,0   07:11  17,2   0,0   2,0  16,3  31,7   02:29    SW
11  -1,7   1,4   00:00  -3,8   21:56  20,0   0,0   0,5   9,1  28,1   17:57    NW
12  -3,6  -2,1   12:20  -5,4   08:45  22,2   0,0   0,0   9,8  20,9   11:25    SW
13  -5,4  -4,0   12:56  -7,4   19:30  23,7   0,0   0,0   5,4  19,4   01:20   NNE
14  -5,8  -4,1   23:53  -7,5   03:26  24,2   0,0   0,0   5,6  19,4   07:52     E
15  -1,7   0,8   14:22  -4,2   00:00  20,1   0,0   0,1   5,1  19,4   16:04     E
16  -2,1  -1,1   06:14  -3,4   23:29  20,4   0,0   0,0   8,0  22,0   12:14   NNW
17  -4,0  -3,1   02:32  -5,9   23:37  22,1   0,0   0,0  10,9  23,4   06:43     N
18  -6,0  -5,4   14:29  -6,7   07:45  24,4   0,0   0,0   9,7  24,5   16:14   NNE
19  -6,7  -6,0   00:35  -7,4   07:20  25,2   0,0   0,0   6,9  19,4   02:13   NNE
20  -4,6  -2,8   13:15  -7,2   00:08  22,9   0,0   0,0   4,8  17,3   16:05    NE
21  -3,6  -2,2   10:31  -6,6   23:58  21,9   0,0   0,0   0,5  13,3   00:41   NNE
22  -7,4  -6,5   00:00  -8,3   23:36  25,4   0,0   0,0   0,0   0,0   00:00     E
23  -7,5  -5,6   13:33  -8,9   07:44  25,9   0,0   0,0   0,0   0,0   00:00     E
24  -5,1  -2,5   12:45  -6,9   00:00  23,4   0,0   0,0   0,0   0,0   00:00     E
25  -6,7  -5,9   13:57  -7,5   05:17  25,0   0,0   0,0   0,0   0,0   00:00     E
26  -7,6  -5,6   12:34 -10,8   23:26  25,9   0,0   0,0   0,0   0,0   00:00     E
27  -7,0  -4,4   23:51 -10,8   00:00  25,3   0,0   0,0   0,0   0,0   00:00     E
28  -2,7  -1,6   21:08  -4,5   00:20  20,8   0,0   0,0   0,0   0,0   00:00     E
29   0,9   2,8   15:51  -2,9   02:56  17,4   0,0   8,5  14,8  42,8   15:16   SSW
30   4,4   7,6   21:45   2,0   00:53  13,9   0,0   4,1  20,3  45,4   22:34   SSW
31   5,5   8,6   12:46   3,2   07:52  12,8   0,0   0,2  17,7  37,8   16:13    SW
----------------------------------------------------------------------------------
    -2,3   8,6    31   -10,8    26   633,3   0,0  22,1   8,0  51,5     3      SW

Max >=  25,0:  0
Max <=  15,0: 31
Min <=  10,0: 31
Min <= -10,0:  2
Max Rain: 8,5 on day 29
Days of Rain: 8 (>= 0,2 mm)  5 (>= 2,0 mm)  0 (>= 20,0 mm)
Heat Base: 15,5  Cool Base: 15,5  Method: Integration