Raporty NOAA



Report for 2013
                   Annual Climatological Summary for 2013

Name: Pogoda w Radlinie   City: Radlin   State: Woj. slaskie
Elevation: 285 m  Lat: N 50° 02' 43"   Lon: E 018° 29' 36"

                  Temperature (°C), Heat Base: 15,5  Cool Base: 15,5
                          Dep.  Heat  Cool                       Max  Max  Min  Min
        Mean  Mean        From  Deg   Deg                        >=   <=   <=   <=
 YR MO  Max   Min   Mean  Norm  Days  Days  Hi  Date  Low  Date 25,0 15,0 10,0 -10,0
------------------------------------------------------------------------------------
 13  1  -0,4  -4,4  -2,3  -0,2   633     0   8,6  31 -10,8   26    0   31   31    2
 13  2   2,0  -1,9  -0,2   0,8   519     0   7,3   1  -6,6   22    0   28   28    0
 13  3   3,2  -3,2  -0,2  -3,2   572     0  14,6   6 -12,7   24    0   31   31    2
 13  4  14,4   5,0   9,6   1,9   266    14  27,3  26  -4,6    8    2   13   24    0
 13  5  19,0  10,1  14,5   1,2    77    47  27,1  19   6,4   27    5    8   17    0
 13  6  21,6  13,6  17,5   1,4    41    94  33,6  20   9,8    5   11    6    1    0
 13  7  25,9  14,7  20,6   2,6     8   165  35,5  29   8,3    1   20    0    1    0
 13  8  25,4  14,1  19,8   3,0    16   149  36,6   8   9,4   15   15    0    2    0
 13  9  17,6   8,9  12,9  -0,4    98    20  26,0   8   2,8   29    1    8   20    0
 13 10  16,6   7,0  11,5   3,1   138    14  23,4  23  -1,8    4    0   11   20    0
 13 11   8,4   3,0   5,6   2,5   296     0  17,6   8  -3,5   27    0   29   29    0
 13 12   5,6   0,3   2,7   2,9   395     0  14,8  28  -3,8    3    0   31   31    0
------------------------------------------------------------------------------------
        13,3   5,6   9,3   1,3  3062   507  36,6 sie -12,7  mar   54  196  235    4

                                Precipitation (mm)

              Dep.   Max        Days of Rain
              From   Obs.           >=
 YR MO Total  Norm   Day Date  0,2  2,0 20,0
---------------------------------------------
 13  1  22,1 -11,9   8,5  29     8    5    0
 13  2  11,7 -14,3   3,0   2    13    2    0
 13  3  38,4 -10,6  13,1  19    12    4    0
 13  4  40,5  -4,5   8,2   1    15    7    0
 13  5 135,3  -7,7  25,5  11    19   12    3
 13  6 147,0  54,0  29,9  24    17   13    2
 13  7  34,8-144,2  12,4   6     6    4    0
 13  8  32,2 -81,8  10,5  10     9    5    0
 13  9  83,0  25,0  12,8  24    17   11    0
 13 10  16,5 -25,5   5,7  16     7    3    0
 13 11  42,0  15,0  15,3   3    14    5    0
 13 12  13,7 -11,3   9,4   9     9    1    0
---------------------------------------------
       617,2-217,8  29,9  cze  146   72    5

                                Wind Speed (km/h)
                          Dom
 YR MO   Avg.  Hi   Date  Dir
------------------------------
 13  1   8,0  51,5    3    SW
 13  2   8,4  45,4    3     N
 13  3  11,0  52,6    6    NE
 13  4   9,5  43,9   26   WSW
 13  5   9,0  37,8   29     S
 13  6   8,3  45,4   10    NW
 13  7   7,3  42,8   29    NW
 13  8   7,1  45,4   19    NE
 13  9   8,4  50,0   26   WSW
 13 10   9,1  49,0   27     S
 13 11  10,6  49,0    4    SW
 13 12  16,1  66,2    7    SW
------------------------------
         9,4  66,2  gru   WSW