Raporty NOAA


Wybierz miesiac lub rok

Report for 2012 Gru
                   Monthly Climatological Summary for gru 2012

Name: Pogoda w Radlinie   City: Radlin   State: Woj. slaskie
Elevation: 285 m  Lat: N 50° 02' 43"   Lon: E 018° 29' 36"

                  Temperature (°C), Rain (mm), Wind Speed (km/h)

                                      Heat  Cool        Avg
    Mean                              Deg   Deg         Wind                 Dom
Day Temp  High   Time   Low    Time   Days  Days  Rain  Speed High   Time    Dir
----------------------------------------------------------------------------------
 1  -0,4   1,4   03:14  -4,1   23:20  18,7   0,0   1,2   3,7  13,3   01:17   ENE
 2  -0,8   1,4   13:38  -4,5   02:25  19,1   0,0   0,0   3,1  18,4   23:49   SSE
 3  -1,7  -0,4   00:30  -2,8   23:58  20,0   0,0   0,0   7,5  22,0   11:56   NNW
 4  -1,2   1,4   13:40  -4,3   02:58  19,5   0,0   0,3  10,6  28,1   11:15   SSW
 5  -0,9   1,9   11:18  -4,1   20:39  17,5   0,0   0,0   8,9  22,0   01:29   SSW
 6  -2,1   0,8   11:21  -4,6   04:53  20,4   0,0   0,0  11,7  28,1   15:28   SSW
 7  -5,6  -2,2   12:46 -11,1   23:56  23,9   0,0   0,0   7,0  27,0   00:00    SW
 8 -11,5  -6,3   11:24 -14,6   07:24  24,4   0,0   0,3   1,8   5,0   01:31    NE
 9 -10,6  -5,2   14:40 -13,6   02:40  26,5   0,0   0,0   4,5  13,3   22:15   ESE
10  -2,7  -0,9   18:20  -8,0   00:02  21,0   0,0   0,0   9,5  25,6   15:12   SSW
11  -4,3  -1,5   00:00  -6,2   15:32  21,3   0,0   0,0   9,2  22,0   09:12     N
12  -4,9  -3,7   01:30  -7,1   23:40  23,2   0,0   0,0  10,6  28,1   11:27   NNW
13  -7,8  -3,8   13:07 -11,4   05:22  26,0   0,0   0,0   8,6  23,4   09:51     S
14  -4,9   1,1   23:54 -10,6   05:57  23,1   0,0   0,0   3,6  18,4   23:56   SSE
15   3,2   5,2   11:29   0,9   01:31  15,0   0,0   2,7   9,8  34,2   21:51   SSW
16   3,3   5,7   12:25   2,1   07:09  15,0   0,0   0,3  14,8  35,6   12:57   SSW
17   3,6   5,4   12:07   2,5   23:55  14,7   0,0   3,3   7,0  23,4   12:45   SSW
18   2,9   5,6   12:17   1,9   23:48  15,4   0,0   0,0   9,6  20,9   01:21   SSW
19   1,3   2,4   13:22  -0,3   23:52  17,0   0,0   0,0   5,0  13,3   20:54   ENE
20  -3,8  -0,2   00:07  -8,3   20:09  22,1   0,0   0,0   8,3  20,9   20:17   ENE
21  -6,8  -5,9   19:15  -7,9   00:00  25,4   0,0   0,0   5,5  13,3   01:21     E
22  -6,2  -5,1   21:51  -7,4   07:31  25,0   0,0   0,0   5,7  14,8   02:53     E
23  -2,3   0,2   23:09  -5,3   00:11  15,2   0,0   0,3   5,3  19,4   19:47    SE
24   2,6   5,2   12:47   0,2   00:00  15,7   0,0   5,7  17,2  49,0   03:42   SSW
25   3,5   5,8   17:46   1,5   00:00  14,7   0,0   0,0  21,8  37,8   07:22   SSW
26   4,5   6,2   12:59   2,9   03:33  13,8   0,0   0,0  17,9  35,6   03:27   SSW
27   5,0   7,3   14:40   2,6   02:13  11,8   0,0   2,1  20,2  49,0   14:37   SSW
28   0,4   4,7   00:00  -5,3   22:46  17,9   0,0   1,2   9,5  34,2   12:08   NNW
29  -2,1   2,3   12:43  -6,0   06:32  20,4   0,0   0,0  12,5  29,5   13:35     S
30   1,4   3,8   11:30  -0,8   00:00  16,9   0,0   0,0  20,2  51,5   12:22   SSW
31   2,9   6,6   12:59  -0,1   00:00  15,4   0,0   0,0  20,3  45,4   13:38   SSW
----------------------------------------------------------------------------------
    -1,5   7,3    27   -14,6     8   596,0   0,0  17,4  10,1  51,5    30     SSW

Max >=  25,0:  0
Max <=  15,0: 31
Min <=  10,0: 31
Min <= -10,0:  5
Max Rain: 5,7 on day 24
Days of Rain: 10 (>= 0,2 mm)  4 (>= 2,0 mm)  0 (>= 20,0 mm)
Heat Base: 15,5  Cool Base: 15,5  Method: Integration