Raporty NOAA


Wybierz miesiac lub rok

Report for 2012 Lis
                   Monthly Climatological Summary for lis 2012

Name: Pogoda w Radlinie   City: Radlin   State: Woj. slaskie
Elevation: 285 m  Lat: N 50° 02' 43"   Lon: E 018° 29' 36"

                  Temperature (°C), Rain (mm), Wind Speed (km/h)

                                      Heat  Cool        Avg
    Mean                              Deg   Deg         Wind                 Dom
Day Temp  High   Time   Low    Time   Days  Days  Rain  Speed High   Time    Dir
----------------------------------------------------------------------------------
 1   6,5  11,2   15:38   1,8   06:28  11,8   0,0   0,9  11,2  33,7   03:50    SE
 2   7,5  10,4   00:45   3,5   22:40  10,8   0,0   0,3  14,5  33,7   07:14   SSW
 3   8,8  14,9   11:34   3,1   03:47   9,5   0,0   0,0  14,4  43,2   12:32   SSW
 4  10,2  14,6   23:35   6,9   07:40   8,1   0,0   0,0   7,1  33,7   23:49    SE
 5   8,9  15,5   01:18   5,5   22:33   9,4   0,0  18,9  13,2  49,9   06:27   WSW
 6   5,7   8,9   14:37   2,4   23:59  12,6   0,0   1,5  13,2  29,7   13:42    SW
 7   5,3   7,7   14:52   2,0   01:05  13,0   0,0   0,9  19,8  41,6   05:34    SW
 8   8,2  10,2   09:39   6,9   03:26  10,1   0,0   0,0  19,3  41,6   13:34   SSW
 9   6,8   8,9   12:25   2,7   23:47  11,5   0,0   0,3   6,5  17,4   05:14    SW
10   7,1  13,7   13:26   0,3   06:30  11,2   0,0   0,0   9,4  40,4   23:50     S
11  10,8  18,7   13:25   4,8   06:59   7,4   0,0   0,3   6,5  28,1   00:27    SW
12   8,8  10,8   02:56   6,6   22:58   9,5   0,0   0,9   5,6  20,2   02:13    NW
13   5,8   8,0   14:21   1,0   23:46  12,5   0,0   0,0   4,7  14,7   09:19     N
14   2,6   9,7   13:07  -1,3   06:30  15,7   0,0   0,3   5,5  24,2   11:16     E
15   2,6  11,4   13:36  -1,8   03:54  15,7   0,0   0,0   7,1  29,7   13:33   SSW
16   4,6   8,3   15:18  -0,9   01:56  13,7   0,0   0,3   6,1  20,2   14:28     S
17   2,9   9,4   11:39  -1,1   08:08  15,4   0,0   0,0   3,3  10,7   12:16    SE
18   6,6  11,3   11:54   1,3   00:00  11,7   0,0   0,0  13,1  40,4   12:06    SW
19   6,5   8,8   13:31   4,9   02:48  11,8   0,0   0,0   6,4  23,0   00:38     E
20   6,3  10,9   13:54   5,0   23:49  12,2   0,0   0,0   5,6  17,4   19:50   ESE
21   4,1   5,6   00:37   2,7   18:48  14,2   0,0   0,3   8,2  21,4   15:13   ESE
22   7,2  10,6   13:30   3,4   00:00  11,1   0,0   0,0   7,4  23,4   07:47     S
23   6,8   8,0   17:22   5,5   20:17  11,5   0,0   0,3   5,5  20,9   22:53     S
24   6,6   8,9   12:59   4,1   23:14  11,0   0,0   0,0  12,5  33,1   11:48   SSW
25   5,8   9,1   14:59   4,1   00:00  11,0   0,0   0,0  14,4  39,2   17:42   SSW
26   6,7   8,9   14:43   5,2   05:10  11,7   0,0   0,0   9,7  29,5   00:13   SSW
27   9,6  12,6   13:06   6,5   05:48   8,7   0,0   0,0   4,4  15,8   13:16   SSE
28   9,0  13,2   13:36   4,9   23:34   9,3   0,0   0,0   3,8  19,4   10:54   ESE
29   7,3  11,6   14:52   4,2   23:37  11,0   0,0   0,3  12,1  42,8   18:51   SSW
30   2,3   4,7   00:41   0,4   21:07  16,0   0,0   2,4   8,7  34,2   00:17   WSW
----------------------------------------------------------------------------------
     6,6  18,7    11    -1,8    15   349,1   0,0  27,9   9,3  49,9     5     SSW

Max >=  25,0:  0
Max <=  15,0: 28
Min <=  10,0: 30
Min <= -10,0:  0
Max Rain: 18,9 on day 5
Days of Rain: 14 (>= 0,2 mm)  2 (>= 2,0 mm)  0 (>= 20,0 mm)
Heat Base: 15,5  Cool Base: 15,5  Method: Integration