Raporty NOAA


Wybierz miesiac lub rok

Report for 2012 Paz
                   Monthly Climatological Summary for paź 2012

Name: Pogoda w Radlinie   City: Radlin   State: Woj. slaskie
Elevation: 285 m  Lat: N 50° 02' 43"   Lon: E 018° 29' 36"

                  Temperature (°C), Rain (mm), Wind Speed (km/h)

                                      Heat  Cool        Avg
    Mean                              Deg   Deg         Wind                 Dom
Day Temp  High   Time   Low    Time   Days  Days  Rain  Speed High   Time    Dir
----------------------------------------------------------------------------------
 1  14,0  21,7   15:36   8,0   03:55   4,8   0,5   0,9   4,8  14,8   11:19     E
 2  14,8  18,3   14:22  12,7   01:51   3,5   0,0   0,3   2,9  15,8   00:11   ENE
 3  14,8  20,3   15:55  11,2   23:35   3,7   0,2   0,3   5,8  18,4   14:09   WSW
 4  15,7  22,9   12:52   9,8   06:10   3,5   0,9   3,3  12,8  62,3   21:40   SSW
 5  12,5  16,8   15:28   6,7   07:32   5,8   0,0   0,0  13,2  39,2   14:13   SSW
 6  18,1  22,6   14:38  13,5   07:38   1,5   1,3   0,6  18,2  43,9   17:10   SSW
 7   9,0  14,8   00:00   5,8   23:48   9,3   0,0  13,2   7,6  28,1   00:11   NNW
 8   8,4  12,7   13:51   5,8   23:12   9,9   0,0   0,0  10,3  48,0   14:19     W
 9   8,4  14,5   15:18   2,4   05:43   9,9   0,0   0,3  15,1  50,5   10:37    SW
10   7,6  12,2   14:12   3,2   07:10  10,7   0,0   0,0   6,9  22,4   00:39     W
11   7,1  12,4   14:48   3,2   23:56  11,1   0,0   0,3   6,9  29,4   13:15   WSW
12   6,8  12,8   12:56  -0,1   07:11  11,5   0,0   0,3   5,4  18,2   12:25    SE
13  10,3  15,5   15:54   7,3   22:10   8,0   0,0   0,6   7,5  26,9   03:40   SSW
14  11,2  16,0   15:28   7,6   01:22   7,1   0,0   0,0   6,4  29,4   11:38   SSW
15  14,8  20,6   14:30  10,6   00:00   3,6   0,2   2,4  12,1  48,0   14:57     S
16   8,1  11,5   00:00   7,3   22:44  10,2   0,0  12,0  11,7  28,2   18:35   NNW
17   9,4  15,2   15:34   5,3   07:31   8,9   0,0   0,3  11,5  31,0   12:45   SSW
18  11,3  20,1   14:52   6,9   06:18   7,1   0,1   0,0   8,2  31,0   14:31     S
19  13,3  21,1   15:40   7,6   04:19   5,3   0,3   0,3   5,1  17,0   11:08   SSE
20  12,8  22,9   14:51   6,6   07:13   5,9   0,5   0,0   4,6  11,2   13:25     S
21  12,7  22,3   15:31   6,0   07:13   6,0   0,4   0,0   4,5   9,9   02:57     S
22  10,7  19,1   13:41   6,0   05:37   7,6   0,0   0,3   6,4  21,1   16:34     N
23   8,7  10,3   14:09   6,9   05:09   9,6   0,0   0,6   4,0  11,2   11:10   NNE
24   9,3  11,8   14:21   7,9   23:58   9,0   0,0   0,0   6,6  24,0   09:18   ENE
25   8,7  11,1   12:18   7,3   02:31   9,6   0,0   0,0  10,0  33,9   12:37   SSW
26   5,4   8,7   02:32   1,0   23:35  12,9   0,0   4,2  11,6  32,3   02:44     N
27   1,4   2,9   09:49  -0,5   18:12  16,9   0,0  13,8  10,0  30,9   17:18   NNE
28  -0,1   1,5   13:06  -1,2   05:28  19,2   0,0   0,3   4,7  25,7   11:51     N
29  -0,4   1,2   12:54  -1,1   20:38  18,7   0,0   0,3   8,9  21,4   12:07     N
30   1,1   4,4   12:55  -2,1   07:21  17,2   0,0   4,2  15,9  40,4   14:21   SSW
31   5,5  12,4   12:32   2,0   02:11  12,8   0,0   2,7  12,3  29,7   03:24     S
----------------------------------------------------------------------------------
     9,4  22,9     4    -2,1    30   280,8   4,4  61,5   8,7  62,3     4      SW

Max >=  25,0:  0
Max <=  15,0: 16
Min <=  10,0: 27
Min <= -10,0:  0
Max Rain: 13,8 on day 27
Days of Rain: 22 (>= 0,2 mm)  8 (>= 2,0 mm)  0 (>= 20,0 mm)
Heat Base: 15,5  Cool Base: 15,5  Method: Integration