Raporty NOAA


Wybierz miesiac lub rok

Report for 2012 Wrz
                   Monthly Climatological Summary for wrz 2012

Name: Pogoda w Radlinie   City: Radlin   State: Woj. slaskie
Elevation: 285 m  Lat: N 50° 02' 43"   Lon: E 018° 29' 36"

                  Temperature (°C), Rain (mm), Wind Speed (km/h)

                                      Heat  Cool        Avg
    Mean                              Deg   Deg         Wind                 Dom
Day Temp  High   Time   Low    Time   Days  Days  Rain  Speed High   Time    Dir
----------------------------------------------------------------------------------
 1  15,6  17,9   10:55  14,8   06:14   2,7   0,0   0,9   6,0  19,4   12:30   NNW
 2  16,4  20,3   15:56  12,0   06:16   2,3   0,4   0,0   4,4  17,3   09:19   NNE
 3  17,4  22,7   14:48  13,2   00:45   1,8   0,9   0,0   4,9  14,8   16:09   NNW
 4  19,7  25,8   14:10  14,7   23:56   1,1   2,4   0,0   6,2  18,4   13:17   NNW
 5  17,8  26,2   15:13  11,0   06:26   2,5   2,0   0,0   4,9  17,3   14:49   NNW
 6  15,1  19,9   12:59   9,7   23:36   3,2   0,1   0,3   9,3  35,6   13:30    NW
 7  14,9  21,9   15:17   6,6   05:22   3,9   0,6   0,0   9,4  30,6   15:27    SW
 8  16,6  19,5   14:12  14,0   07:29   1,8   0,1   0,9   6,5  19,4   13:24     W
 9  19,0  25,5   13:33  14,0   06:39   1,3   2,0   0,0   5,3  14,8   09:20   NNW
10  20,6  30,2   13:42  11,1   06:17   1,9   4,3   0,0   8,4  35,6   15:36     S
11  22,8  30,9   13:07  14,3   06:38   0,7   5,3   0,0   9,6  30,6   13:18     S
12  17,4  22,8   12:22  10,5   23:54   2,0   1,1   7,2  10,4  36,7   15:44   WNW
13   9,8  10,5   00:00   9,1   11:03   5,2   0,0  14,4  11,8  35,6   11:09    NW
14  12,3  18,8   14:00   9,2   02:36   6,0   0,0   0,0   4,7  15,8   22:55   ESE
15  13,7  19,0   12:40   9,4   04:55   4,6   0,0   0,3  10,1  31,7   15:08     W
16  14,2  18,9   14:37  10,4   21:08   4,1   0,0   0,0   3,8  11,2   02:50   NNE
17  15,9  24,0   13:41   8,8   06:15   3,8   1,4   0,0   8,3  30,6   13:42     S
18  17,6  25,5   15:07  11,2   06:52   2,6   1,9   0,0   8,3  25,6   15:37     S
19  12,1  17,0   08:53   9,5   12:42   6,1   0,0   5,4   7,6  36,7   10:22   WNW
20  10,2  15,8   12:56   5,4   23:57   8,1   0,0   0,0   7,3  22,0   15:20   NNW
21  10,1  17,8   14:57   2,7   06:24   8,2   0,0   0,0   5,2  19,4   13:11   ESE
22  10,8  17,6   13:30   6,3   00:33   7,4   0,0   2,1   9,1  42,8   14:39   SSW
23  10,5  17,0   12:32   5,2   05:32   7,8   0,0   0,0   5,1  18,4   10:22    SW
24  15,1  25,4   15:08   6,3   00:00   4,6   1,4   0,0   6,3  20,9   17:08   ESE
25  16,8  21,9   13:54  13,2   23:58   2,3   0,8   0,9   7,8  22,0   14:16    SW
26  18,9  25,7   15:27  11,7   06:07   1,8   2,4   0,0  13,6  36,7   13:16   SSE
27  18,4  24,1   10:15  12,8   23:46   1,0   1,1   0,0  13,6  55,1   10:44     S
28  14,6  19,7   14:26  11,4   05:46   3,8   0,1   1,5  10,4  28,1   08:54   SSW
29  15,2  22,3   14:10   8,5   05:16   3,8   0,8   3,0   7,3  33,1   23:07   SSW
30  12,4  17,3   15:49   8,2   00:27   5,9   0,0   0,9   3,3  14,8   15:15     N
----------------------------------------------------------------------------------
    15,4  30,9    11     2,7    21   112,3  29,1  37,8   7,6  55,1    27      SW

Max >=  25,0:  8
Max <=  15,0:  1
Min <=  10,0: 14
Min <= -10,0:  0
Max Rain: 14,4 on day 13
Days of Rain: 12 (>= 0,2 mm)  5 (>= 2,0 mm)  0 (>= 20,0 mm)
Heat Base: 15,5  Cool Base: 15,5  Method: Integration