Raporty NOAA


Wybierz miesiac lub rok

Report for 2012 Sie
                   Monthly Climatological Summary for sie 2012

Name: Pogoda w Radlinie   City: Radlin   State: Woj. slaskie
Elevation: 285 m  Lat: N 50° 02' 43"   Lon: E 018° 29' 36"

                  Temperature (°C), Rain (mm), Wind Speed (km/h)

                                      Heat  Cool        Avg
    Mean                              Deg   Deg         Wind                 Dom
Day Temp  High   Time   Low    Time   Days  Days  Rain  Speed High   Time    Dir
----------------------------------------------------------------------------------
 1  23,4  31,0   17:49  13,1   05:56   5,1   0,0   0,0   3,0  19,4   14:57     E
 2  25,3  33,5   17:28  16,3   05:08   7,0   0,0   0,0   3,5  25,6   14:36    SE
 3  23,1  30,8   14:40  17,6   23:30   4,8   0,0   2,4   4,2  29,5   11:27     W
 4  22,7  30,0   18:42  15,3   05:29   4,4   0,0   0,0   1,8  14,8   12:54     E
 5  23,3  31,4   18:21  17,9   04:49   5,0   0,0   0,6   3,1  23,4   11:08   SSE
 6  26,7  35,5   14:39  17,6   23:53   8,4   0,0   6,6   4,8  61,2   23:36   SSW
 7  19,7  26,6   17:11  15,4   07:09   1,4   0,0  15,9   5,7  43,9   01:37   WSW
 8  19,0  23,8   16:36  14,3   23:53   0,7   0,0   0,0   3,6  23,4   14:17   WNW
 9  17,7  24,1   14:08  13,1   01:15   0,0   0,6   0,3   2,7  24,5   15:49   WNW
10  17,7  23,8   17:41  13,8   06:12   0,0   0,6   0,0   5,1  25,6   18:26    NW
11  13,4  17,2   16:42  11,3   07:17   5,0   0,0  15,6   2,8  19,4   17:44   NNW
12  13,5  18,4   15:31  11,6   23:22   4,8   0,0   8,1   2,9  18,4   13:32   NNW
13  14,4  20,9   15:40   9,0   04:20   4,1   0,2   0,3   1,5  20,9   13:24    NW
14  15,0  21,2   17:24  10,7   05:08   3,5   0,2   0,0   4,6  25,6   17:42    NW
15  17,1  24,9   17:31  10,4   06:12   2,6   1,4   0,0   3,7  24,5   15:40    NW
16  18,2  26,1   16:21  10,8   05:36   2,3   2,2   0,0   1,3  12,2   13:44    NE
17  17,7  21,9   14:32  14,9   03:39   1,3   0,7   0,9   2,0  17,3   08:15    NW
18  19,8  28,0   16:53  11,5   05:35   1,7   3,3   0,0   1,0  11,2   13:14    NE
19  22,8  32,1   17:19  12,6   05:25   1,3   5,8   0,0   3,6  14,8   12:32   SSE
20  26,5  36,5   18:47  18,4   03:50   0,0   8,2   0,0   8,2  33,1   12:33     S
21  24,5  31,0   14:07  19,7   23:48   0,0   6,0   0,0   4,2  31,7   01:44   NNE
22  22,2  31,3   14:47  17,4   05:48   0,0   3,0   0,6   4,7  39,2   11:24     S
23  22,7  29,4   14:44  16,8   05:23   0,1   4,6   0,0   1,9  17,3   14:44    NW
24  23,7  31,9   14:27  15,6   06:13   0,4   5,8   0,6   4,9  33,1   14:14     S
25  20,2  23,8   17:20  16,7   23:55   0,1   1,9   0,3   6,1  34,2   01:03     S
26  18,4  21,6   12:23  13,7   23:20   0,6   0,7   6,9   4,1  27,0   07:29   SSW
27  16,3  20,5   17:46  10,5   23:44   0,0   2,0   0,0   5,8  30,6   08:59   WNW
28  16,8  24,9   17:25   7,6   05:07   3,6   2,1   0,0   2,3  15,8   15:16   SSE
29  21,9  27,7   14:09  13,9   01:06   0,4   2,4   0,0   1,9  17,3   15:53   WNW
30  22,5  31,2   14:19  13,0   05:23   1,1   5,4   0,0   3,8  23,4   20:53   ESE
31  18,2  23,7   12:46  15,0   04:08   1,0   0,9   1,2   6,4  28,1   10:43    NW
----------------------------------------------------------------------------------
    20,1  36,5    20     7,6    28    70,7  58,0  60,3   3,7  61,2     6     WSW

Max >=  25,0: 17
Max <=  15,0:  0
Min <=  10,0:  2
Min <= -10,0:  0
Max Rain: 15,9 on day 7
Days of Rain: 14 (>= 0,2 mm)  6 (>= 2,0 mm)  0 (>= 20,0 mm)
Heat Base: 15,5  Cool Base: 15,5  Method: Integration