Raporty NOAA


Wybierz miesiac lub rok

Report for 2012 Lip
                   Monthly Climatological Summary for lip 2012

Name: Pogoda w Radlinie   City: Radlin   State: Woj. slaskie
Elevation: 285 m  Lat: N 50° 02' 43"   Lon: E 018° 29' 36"

                  Temperature (°C), Rain (mm), Wind Speed (km/h)

                                      Heat  Cool        Avg
    Mean                              Deg   Deg         Wind                 Dom
Day Temp  High   Time   Low    Time   Days  Days  Rain  Speed High   Time    Dir
----------------------------------------------------------------------------------
 1  29,7  35,4   16:07  21,5   23:14  11,4   0,0   0,3   3,5  32,0   19:35   ESE
 3  26,1  34,0   13:53  18,0   21:19   7,8   0,0  38,1   6,0  31,0   18:49    NW
 4  23,6  30,0   16:44  16,8   03:44   5,3   0,0   0,0   2,4  17,0   17:14    NE
 5  26,7  36,2   15:33  17,2   04:39   8,4   0,0   0,0   2,8  26,0   18:37     E
 6  28,0  36,5   15:45  20,4   04:49   9,7   0,0   0,0   3,7  26,0   17:50    SE
 7  26,7  33,5   17:45  18,9   05:45   8,4   0,0   0,0   3,7  23,0   14:13    SW
 8  22,5  31,8   17:27  17,4   04:48   4,2   0,0  18,9   2,8  44,0   18:45     N
 9  22,4  29,6   18:23  17,1   04:57   4,1   0,0   0,3   2,6  15,0   07:53     W
10  23,5  30,5   17:08  15,7   04:55   5,2   0,0   0,0   3,1  22,0   17:32     S
11  21,6  30,3   12:44  16,6   04:49   3,3   0,0   0,6   4,1  30,0   14:45     S
12  19,1  24,7   17:40  12,1   23:56   0,8   0,0   0,3   5,4  34,0   15:18    SW
13  14,5  18,9   11:32   9,6   04:29   0,0   3,8   0,3   4,9  26,0   12:15   SSE
14  18,7  24,4   11:51  13,2   01:31   0,4   0,0   3,6   9,3  46,0   15:51     S
15  18,1  24,6   16:08  13,6   06:11   0,0   0,2   0,0   5,8  40,0   19:52   SSW
16  14,8  21,1   13:20  12,0   22:48   0,0   3,5   8,1   4,2  32,0   16:18    SW
17  14,2  20,4   15:49  11,0   23:09   0,0   4,1   9,9   6,5  42,0   21:11   SSW
18  17,0  22,1   16:14  11,7   00:00   0,0   1,3   0,6   5,4  31,0   14:25   SSW
19  21,5  27,7   13:49  15,3   03:58   3,2   0,0   0,0   9,0  48,0   13:57   SSW
20  19,0  23,1   16:53  14,3   03:29   0,7   0,0   1,8   4,7  30,0   12:46    SW
21  16,9  22,1   15:14  13,6   23:55   0,0   1,4   0,3   2,2  23,0   13:41     N
22  16,5  20,9   18:19  12,0   05:57   0,0   1,8   0,0   4,5  27,0   11:45    NW
24  26,4  29,7   17:00  21,6   22:27   8,1   0,0   0,0   7,1  30,6   23:59   ENE
25  20,6  24,7   16:11  17,4   05:08   2,3   0,0   0,3   3,7  30,6   00:00   ENE
26  21,5  27,6   14:45  16,5   02:57   3,2   0,0   0,0   2,7  19,4   20:46     S
27  23,4  30,4   13:47  17,5   05:31   5,1   0,0   6,0   1,5  15,8   12:54   SSE
28  26,3  33,9   18:19  17,9   04:52   8,0   0,0   0,0   4,9  27,0   14:45   SSE
29  21,9  27,0   14:23  18,7   22:17   3,6   0,0   1,8   5,8  29,5   02:47     S
30  21,2  27,1   18:20  15,8   23:56   2,9   0,0   0,0   3,1  19,4   00:11   WNW
31  21,2  29,4   16:32  12,0   05:00   2,9   0,0   0,0   2,5  15,8   14:01   ESE
----------------------------------------------------------------------------------
    21,5  36,5     6     9,6    13   109,0  16,1  91,2   4,3  48,0    19       S

Max >=  25,0: 18
Max <=  15,0:  0
Min <=  10,0:  1
Min <= -10,0:  0
Max Rain: 38,1 on day 3
Days of Rain: 16 (>= 0,2 mm)  6 (>= 2,0 mm)  1 (>= 20,0 mm)
Heat Base: 15,5  Cool Base: 15,5  Method: Integration