Raporty NOAA


Wybierz miesiac lub rok

Report for 2012 Cze
                   Monthly Climatological Summary for cze 2012

Name: Pogoda w Radlinie   City: Radlin   State: Woj. slaskie
Elevation: 285 m  Lat: N 50° 02' 43"   Lon: E 018° 29' 36"

                  Temperature (°C), Rain (mm), Wind Speed (km/h)

                                      Heat  Cool        Avg
    Mean                              Deg   Deg         Wind                 Dom
Day Temp  High   Time   Low    Time   Days  Days  Rain  Speed High   Time    Dir
----------------------------------------------------------------------------------
 1  13,7  16,9   16:19   9,4   23:58   0,0   4,6  14,7   4,9  31,7   13:03     W
 2  12,8  18,6   17:05   7,7   05:04   0,0   5,5   0,3   5,1  37,8   14:35     W
 3  18,3  21,8   14:52   9,4   00:14   0,0   0,0   0,6   1,7  19,4   11:04    SE
 4  14,9  19,5   00:47  12,8   06:38   0,0   3,4   9,0   2,7  25,6   02:00   WNW
 5  13,1  16,6   14:43   8,9   23:43   0,0   5,2   9,3   1,8  23,4   16:11     S
 6  13,5  21,5   16:43   7,4   06:13   0,0   4,8   0,3   2,6  17,3   01:13     E
 7  19,0  25,6   16:13  13,0   01:13   0,7   0,0   0,0   2,8  18,4   12:43     S
 8  21,0  26,7   16:43  15,4   04:43   2,7   0,0   3,3   3,9  23,4   13:13   SSW
 9  18,3  21,8   17:34  15,1   23:48   0,0   0,0   0,9   3,3  19,4   13:43     S
10  17,8  23,5   13:23  12,4   04:35   0,0   0,5  12,6   2,7  19,4   21:19   SSW
11  14,8  20,2   18:14  12,3   05:13   0,0   3,5   0,0   2,0  15,8   01:44    NW
12  16,2  22,1   16:49  11,1   04:10   0,0   2,1   2,1   2,1  29,5   13:47   ESE
13  15,4  20,1   18:37  13,3   05:59   0,0   2,9   6,3   3,3  27,0   11:46     W
14  13,7  17,4   12:03  11,3   23:30   0,0   4,6  11,7   2,5  23,4   14:42   WNW
15  17,1  24,6   17:36   9,4   05:12   0,0   1,2   0,3   1,5  13,3   13:55    SE
16  26,2  32,1   16:47  12,0   04:44   7,9   0,0   0,0   5,3  27,0   18:06     S
17  25,0  32,3   15:14  18,7   03:58   6,7   0,0   0,0   4,1  28,1   12:30   WSW
18  27,3  33,3   18:17  23,1   23:41   9,0   0,0   0,0   1,7  14,8   19:26   SSE
19  24,4  31,1   17:02  20,1   05:26   6,1   0,0   0,0   2,9  24,5   06:12   NNW
20  26,1  34,0   15:09  18,6   04:42   7,8   0,0   0,0   3,7  19,4   02:00    SE
21  24,9  29,9   16:00  17,8   23:43   6,6   0,0   3,9   3,6  23,4   21:14   WNW
22  20,1  23,5   14:27  16,6   23:51   1,8   0,0   0,0   1,8  15,8   13:13   SSW
23  20,3  26,2   15:13  16,0   23:09   2,0   0,0   0,0   1,1  17,0   16:43   WSW
24  21,8  28,9   16:11  13,1   03:31   3,5   0,0   0,3   3,4  27,0   17:22     S
25  18,4  22,8   18:29  12,4   23:40   0,1   0,0   0,3   4,1  31,0   01:46   WSW
26  15,7  21,6   17:19  12,0   04:30   0,0   2,6   0,3   5,2  26,0   12:41     W
27  20,5  25,0   17:47  11,3   03:44   2,2   0,0   0,0   4,5  26,0   10:03     W
28  19,0  25,4   18:31  14,3   02:42   0,7   0,0   0,3   2,2  21,0   09:47    NW
29  23,5  31,6   18:08  14,5   04:18   5,2   0,0   0,0   2,0  18,0   13:41   SSE
30  26,1  35,5   15:39  18,6   04:22   7,8   0,0   0,0   2,4  19,0   11:40   SSW
----------------------------------------------------------------------------------
    19,3  35,5    30     7,4     6    70,8  40,9  76,5   3,1  37,8     2      SW

Max >=  25,0: 14
Max <=  15,0:  0
Min <=  10,0:  6
Min <= -10,0:  0
Max Rain: 14,7 on day 1
Days of Rain: 18 (>= 0,2 mm)  9 (>= 2,0 mm)  0 (>= 20,0 mm)
Heat Base: 15,5  Cool Base: 15,5  Method: Integration