Raporty NOAA


Wybierz miesiac lub rok

Report for 2012
                   Annual Climatological Summary for 2012

Name: Pogoda w Radlinie   City: Radlin   State: Woj. slaskie
Elevation: 285 m  Lat: N 50° 02' 43"   Lon: E 018° 29' 36"

                  Temperature (°C), Heat Base: 15,5  Cool Base: 15,5
                          Dep.  Heat  Cool                       Max  Max  Min  Min
        Mean  Mean        From  Deg   Deg                        >=   <=   <=   <=
 YR MO  Max   Min   Mean  Norm  Days  Days  Hi  Date  Low  Date 25,0 15,0 10,0 -10,0
------------------------------------------------------------------------------------
 12  1
 12  2
 12  3
 12  4
 12  5  24,2  10,7  18,4   5,1     4     3  25,9  29   6,7   27    2    0    2    0
 12  6  25,0  13,6  19,3   3,2    70    40  35,5  30   7,4    6   14    0    6    0
 12  7  27,8  15,7  21,5   3,5   109    16  36,5   6   9,6   13   18    0    1    0
 12  8  26,9  14,0  20,1   3,3    70    58  36,5  20   7,6   28   17    0    2    0
 12  9  21,4  10,2  15,4   2,1   112    29  30,9  11   2,7   21    8    1   14    0
 12 10  14,5   5,6   9,4   1,0   280     4  22,9   4  -2,1   30    0   16   27    0
 12 11  10,6   3,2   6,6   3,5   349     0  18,7  11  -1,8   15    0   28   30    0
 12 12   1,3  -4,3  -1,5  -1,3   596     0   7,3  27 -14,6    8    0   31   31    5
------------------------------------------------------------------------------------
        19,0   8,6  13,7   2,6  1592   152  36,5 lip -14,6  gru   59   76  113    5

                                Precipitation (mm)

              Dep.   Max        Days of Rain
              From   Obs.           >=
 YR MO Total  Norm   Day Date  0,2  2,0 20,0
---------------------------------------------
 12  1
 12  2
 12  3
 12  4
 12  5   3,9-139,1   3,0  28     3    1    0
 12  6  76,5 -16,5  14,7   1    18    9    0
 12  7  91,2 -87,8  38,1   3    16    6    1
 12  8  60,3 -53,7  15,9   7    14    6    0
 12  9  37,8 -20,2  14,4  13    12    5    0
 12 10  61,5  19,5  13,8  27    22    8    0
 12 11  27,9   0,9  18,9   5    14    2    0
 12 12  17,4  -7,6   5,7  24    10    4    0
---------------------------------------------
       376,5-304,5  38,1  lip  109   41    1

                                Wind Speed (km/h)
                          Dom
 YR MO   Avg.  Hi   Date  Dir
------------------------------
 12  1
 12  2
 12  3
 12  4
 12  5   2,3  20,9   31   WNW
 12  6   3,1  37,8    2   WSW
 12  7   4,3  48,0   19     S
 12  8   3,7  61,2    6    SW
 12  9   7,6  55,1   27    SW
 12 10   8,7  62,3    4   SSW
 12 11   9,3  49,9    5   SSW
 12 12  10,1  51,5   30   SSW
------------------------------
         6,1  62,3  paź   SSW