Raporty NOAA


Wybierz miesiac lub rok

Report for 2018 Sie
´╗┐                   Monthly Climatological Summary for sie 2018

Name: Pogoda w Radlinie   City: Radlin   State: Woj. slaskie
Elevation: 283 m  Lat: N 50┬░ 02' 43"   Lon: E 018┬░ 29' 36"

                  Temperature (┬░C), Rain (mm), Wind Speed (km/h)

                                      Heat  Cool        Avg
    Mean                              Deg   Deg         Wind                 Dom
Day Temp  High   Time   Low    Time   Days  Days  Rain  Speed High   Time    Dir
----------------------------------------------------------------------------------
 1  25,0  30,8   16:34  19,2   05:13   0,0   9,5   0,3   8,3  22,0   00:32   ENE
 2  26,1  32,2   15:15  19,6   05:32   0,0  10,6   0,0   6,1  22,0   14:41    NE
 3  25,4  30,9   14:23  19,4   05:48   0,0   9,9   0,1   5,6  30,0   11:36   ENE
 4  25,0  32,1   14:16  18,1   05:28   0,0   9,5   0,0   3,4  36,0   17:44   ENE
 5  23,9  27,7   17:13  19,5   05:24   0,0   8,4   1,7   4,4  23,0   10:15   WNW
 6  22,0  27,3   17:28  17,6   05:51   0,0   6,5   0,0   3,8  15,0   10:53    NW
 7  23,3  30,8   16:28  14,5   06:37   0,0   7,8   0,0   6,3  22,0   21:22   ENE
 8  22,1  29,2   17:36  17,1   05:37   0,0   6,6   8,8   7,3  39,0   21:27     E
 9  26,8  33,3   16:24  20,0   05:12   0,0  11,3   0,0   4,6  19,0   15:14    SE
10  24,5  27,7   15:57  18,8   23:57   0,0   9,0   0,1   7,6  24,0   08:19   WNW
11  18,5  24,3   17:46  15,2   04:24   0,0   3,0   5,4   3,4  15,0   15:35     S
12  20,7  26,2   15:40  13,9   05:44   0,2   5,3   0,0   4,3  16,0   13:51     E
13  24,1  31,5   16:48  16,2   05:40   0,0   8,6   0,0   8,9  32,0   14:41   SSE
14  22,4  25,7   15:47  19,4   04:38   0,0   6,9   0,4   4,8  23,0   10:36   WNW
15  20,8  25,1   15:13  17,1   23:52   0,0   5,3   0,0   4,5  22,0   12:59   WNW
16  20,6  26,7   15:28  15,0   05:27   0,0   5,1   0,0   3,6  19,0   17:25    NE
17  22,6  29,0   17:09  15,4   04:58   0,0   7,1   0,0   4,6  18,0   14:53     E
18  22,5  28,8   16:08  16,5   05:40   0,0   7,0   0,0   4,1  22,0   08:17     W
----------------------------------------------------------------------------------
    23,1  33,3     9    13,9    12     0,2 137,4  16,8   5,3  39,0     8     ENE

Max >=  25,0: 17
Max <=  15,0:  0
Min <=  10,0:  0
Min <= -10,0:  0
Max Rain: 8,8 on day 8
Days of Rain: 5 (>= 0,2 mm)  2 (>= 2,0 mm)  0 (>= 20,0 mm)
Heat Base: 15,5  Cool Base: 15,5  Method: Integration