Raporty NOAA


Wybierz miesiac lub rok
V/Λ2017 > Sty Lut Marz Kwi Maj Cze Lip Sie Wrz Paz Lis Gru
V/Λ2016 > Sty Lut Marz Kwi Maj Cze Lip Sie Wrz Paz Lis Gru
V/Λ2015 > Sty Lut Marz Kwi Maj Cze Lip Sie Wrz Paz Lis Gru
V/Λ2014 > Sty Lut Marz Kwi Maj Cze Lip Sie Wrz Paz Lis Gru
V/Λ2013 > Sty Lut Marz Kwi Maj Cze Lip Sie Wrz Paz Lis Gru
V/Λ2012 > Sty Lut Marz Kwi Maj Cze Lip Sie Wrz Paz Lis Gru

Report for 2017 Cze
                   Monthly Climatological Summary for cze 2017

Name: Pogoda w Radlinie   City: Radlin   State: Woj. slaskie
Elevation: 283 m  Lat: N 50° 02' 43"   Lon: E 018° 29' 36"

                  Temperature (°C), Rain (mm), Wind Speed (km/h)

                                      Heat  Cool        Avg
    Mean                              Deg   Deg         Wind                 Dom
Day Temp  High   Time   Low    Time   Days  Days  Rain  Speed High   Time    Dir
----------------------------------------------------------------------------------
 1  18,1  22,6   16:52  14,0   05:23   0,1   2,7   0,0  11,0  36,0   15:18    NW
 2  18,2  24,7   17:34  10,1   04:53   1,1   3,8   0,0   6,4  23,0   12:21   WNW
 3  19,6  25,4   16:22  10,5   05:16   0,7   4,8   0,0   4,1  15,0   12:14   ESE
 4  19,6  27,6   14:54  14,2   04:23   0,1   4,2   9,9  12,0  42,0   19:53   SSW
 5  18,3  23,6   18:14  14,1   04:30   0,3   3,0   0,0   7,1  24,0   01:22   NNE
 6  21,5  27,3   16:21  16,2   02:54   0,0   6,0   5,0  11,0  34,0   14:06   SSE
 7  16,9  20,4   16:21  13,9   05:21   0,3   1,7   0,3  12,8  30,0   10:21     W
 8  16,4  21,0   17:26   9,9   05:06   1,1   2,0   0,0   1,5  11,0   08:51     W
 9  19,3  25,4   17:11  11,2   04:50   0,8   4,6   0,0   4,9  18,0   13:24   ESE
10  15,6  19,5   08:33  12,4   23:56   0,7   0,8  10,1   6,4  37,0   18:47   NNW
11  17,0  22,6   15:28  10,3   04:32   1,4   2,9   0,1   4,1  13,0   10:56    SW
12  20,0  27,0   16:36  13,1   03:49   0,3   4,9   0,1  11,2  40,0   09:30   WSW
13  17,7  20,5   17:16  14,5   05:12   0,1   2,3   0,0  12,3  33,0   08:24   NNW
14  16,4  20,4   17:15  12,9   23:57   0,6   1,5   0,0   7,5  26,0   10:22   NNW
15  17,8  23,8   16:22  10,7   04:13   1,0   3,4   0,0   3,7  16,0   13:53   WSW
16  16,5  21,3   12:40  12,8   23:54   0,2   1,3   6,9   9,4  33,0   05:47   WSW
17  12,2  13,2   10:09  11,1   05:25   3,3   0,0   4,5  14,0  34,0   12:53   NNW
18  16,9  22,7   16:42  12,7   00:00   0,9   2,3   0,0   8,2  22,0   00:43     N
19  20,5  26,5   17:26  13,0   04:12   0,4   5,4   0,0   3,2  17,0   13:24   WNW
20  23,4  29,4   17:16  15,6   05:12   0,0   7,9   0,0   8,5  38,0   10:48    SW
21  21,0  25,4   17:14  16,9   23:49   0,0   5,5   0,0   7,4  26,0   15:45   NNW
22  21,4  28,1   16:56  13,4   04:44   0,3   6,1   0,0   6,2  22,0   12:36   WSW
23  20,5  23,9   12:24  17,1   06:26   0,0   5,0   5,7  12,8  38,0   12:21   WNW
24  22,3  27,5   16:57  16,6   05:32   0,0   6,8   0,0   8,0  27,0   15:44     W
25  20,5  26,5   16:59  16,9   03:30   0,0   5,0   0,0   8,6  33,0   13:11     W
26  21,3  25,0   17:16  16,8   05:22   0,0   5,8   0,0   9,2  37,0   14:33   WNW
27  22,0  26,6   17:19  16,6   04:36   0,0   6,5   0,0   5,2  21,0   19:56   ESE
----------------------------------------------------------------------------------
    18,9  29,4    20     9,9     8    13,7 106,2  42,6   7,9  42,0     4     WNW

Max >=  25,0: 13
Max <=  15,0:  1
Min <=  10,0:  1
Min <= -10,0:  0
Max Rain: 10,1 on day 10
Days of Rain: 7 (>= 0,2 mm)  6 (>= 2,0 mm)  0 (>= 20,0 mm)
Heat Base: 15,5  Cool Base: 15,5  Method: Integration