Raporty NOAA


Wybierz miesiac lub rok

Report for 2021 Maj
´╗┐                   Monthly Climatological Summary for maj 2021

Name: Pogoda w Radlinie   City: Radlin   State: Woj. slaskie
Elevation: 283 m  Lat: N 50┬░ 02' 43"   Lon: E 018┬░ 29' 36"

                  Temperature (┬░C), Rain (mm), Wind Speed (km/h)

                                      Heat  Cool        Avg
    Mean                              Deg   Deg         Wind                 Dom
Day Temp  High   Time   Low    Time   Days  Days  Rain  Speed High   Time    Dir
----------------------------------------------------------------------------------
 1   7,4   9,5   00:00   6,8   03:47   8,1   0,0   0,0  11,0  15,0   01:40    NE
 2   7,3   7,3   00:00   7,3   00:00   8,2   0,0   0,0  12,0  13,0   00:00    NE
 5   8,7  15,8   20:31   7,3   00:00   8,2   0,0   0,1   1,9  39,0   19:23     N
 6  11,9  16,2   17:53   0,0   00:06   7,3   0,0   0,0  18,4  44,0   13:59    SW
 7   9,6  15,3   13:32   4,8   22:31   5,9   0,0   1,8  12,0  42,0   16:51     W
 8   5,2  10,7   20:20   4,8   00:00  10,3   0,0   0,0   8,4  24,0   12:35   WNW
 9  14,9  25,0   18:32   4,5   03:51   3,5   2,9   0,0  12,4  37,0   13:20   SSW
10  19,9  30,7   17:24   9,9   03:41   1,3   5,7   0,0  11,5  37,0   12:59     S
11  23,3  32,4   18:08  15,2   00:36   0,0   7,8   0,0  13,0  37,0   12:18   SSE
12  22,6  32,4   17:06  14,4   05:51   0,0   6,2   0,0   6,0  24,0   19:21     S
13  20,2  21,5   14:21  16,1   00:06   0,0   1,9   0,7  14,5  18,0   00:06   SSW
14  18,8  18,8   00:06  18,8   00:06   0,0   3,3   0,0   9,0   9,0   00:06   WSW
15  18,5  21,8   15:51  13,8   17:51   0,1   2,8   2,4   7,7  32,0   16:21   WSW
16  12,6  17,6   19:36   9,5   23:51   0,6   0,6   0,1   3,3   7,0   19:51   SSE
17   9,6   9,9   00:36   9,4   00:21   5,6   0,0   0,0   6,9   7,0   00:36   SSE
18  13,8  14,1   18:06   9,9   00:06   4,5   0,0   1,6   6,8   7,0   00:06   SSE
19  13,3  17,4   17:51  10,6   22:27   1,7   0,2   0,2   8,6  18,0   18:43   NNW
20  12,7  19,5   15:38   9,6   23:58   3,3   0,5   0,0   9,7  33,0   12:31    NW
21  10,0  15,3   20:49   9,3   00:13   5,5   0,0   0,0  11,9  42,0   15:15    SW
22  12,4  14,5   19:42  10,2   22:36   3,1   0,0   0,6   7,5  37,0   20:20     S
23  10,2  10,2   00:00  10,2   00:00   5,3   0,0   0,0   5,0   5,0   00:00    SE
24  15,8  21,8   14:40   6,6   02:52   0,9   1,1   1,8   9,4  33,0   14:54     S
25  13,0  13,8   18:51   8,4   19:41   2,5   0,0   0,1   9,6  28,0   20:05   SSW
26  11,9  17,0   19:54  11,1   00:00   3,7   0,0   0,0  16,9  43,0   12:47   SSW
27  15,3  19,4   17:56  10,3   23:56   1,1   0,8   0,0  12,8  31,0   02:28   WSW
28  10,4  18,1   18:07   8,7   01:41   5,1   0,1   0,0   7,0  23,0   13:21    NW
29  12,3  12,3   00:00  12,3   00:00   3,2   0,0   0,0  10,0  10,0   00:00    NW
----------------------------------------------------------------------------------
    13,4  32,4    11     0,0     6    99,0  33,9   9,4  10,8  44,0     6      SW

Max >=  25,0:  4
Max <=  15,0:  9
Min <=  10,0: 16
Min <= -10,0:  0
Max Rain: 2,4 on day 15
Days of Rain: 7 (>= 0,2 mm)  1 (>= 2,0 mm)  0 (>= 20,0 mm)
Heat Base: 15,5  Cool Base: 15,5  Method: Integration