Raporty NOAA


Wybierz miesiac lub rok
V/Λ2017 > Sty Lut Marz Kwi Maj Cze Lip Sie Wrz Paz Lis Gru
V/Λ2016 > Sty Lut Marz Kwi Maj Cze Lip Sie Wrz Paz Lis Gru
V/Λ2015 > Sty Lut Marz Kwi Maj Cze Lip Sie Wrz Paz Lis Gru
V/Λ2014 > Sty Lut Marz Kwi Maj Cze Lip Sie Wrz Paz Lis Gru
V/Λ2013 > Sty Lut Marz Kwi Maj Cze Lip Sie Wrz Paz Lis Gru
V/Λ2012 > Sty Lut Marz Kwi Maj Cze Lip Sie Wrz Paz Lis Gru

Report for 2017 Kwi
                   Monthly Climatological Summary for kwi 2017

Name: Pogoda w Radlinie   City: Radlin   State: Woj. slaskie
Elevation: 283 m  Lat: N 50° 02' 43"   Lon: E 018° 29' 36"

                  Temperature (°C), Rain (mm), Wind Speed (km/h)

                                      Heat  Cool        Avg
    Mean                              Deg   Deg         Wind                 Dom
Day Temp  High   Time   Low    Time   Days  Days  Rain  Speed High   Time    Dir
----------------------------------------------------------------------------------
 1  15,9  22,7   14:54   8,7   06:31   2,0   2,4   0,0   9,4  26,0   14:11     S
 2  17,7  24,4   14:59  12,2   06:07   0,9   3,1   0,0  12,0  32,0   15:12    SW
 3  11,8  16,9   12:18   8,4   06:51   3,8   0,1   0,0   9,1  36,0   13:27     N
 4  13,3  20,7   16:11   6,0   06:31   3,5   1,3   0,0   8,2  27,0   13:40   ENE
 5  10,3  12,7   14:55   8,6   23:07   5,2   0,0   1,3   9,4  32,0   19:27   NNW
 6   6,1   8,6   00:00   4,0   08:54   9,4   0,0   4,6  14,2  55,0   16:39   NNW
 7   5,7   7,4   23:59   3,2   06:07   9,8   0,0   7,0  10,1  32,0   16:59    NW
 8   9,3  13,5   12:50   5,7   23:52   6,2   0,0   2,3  10,8  33,0   08:43   NNW
 9  10,5  17,0   16:24   3,8   06:52   5,1   0,1   0,0   4,2  17,0   16:23   WSW
10  13,6  20,4   15:48   6,2   06:19   3,2   1,4   0,2  15,3  36,0   11:15   SSW
11   8,4  13,6   00:00   5,6   23:12   7,1   0,0   2,0  14,9  39,0   09:36   NNW
12   8,2  12,1   15:37   3,8   05:31   7,4   0,0   2,6  18,1  43,0   14:18   WSW
13   8,8  11,3   10:59   6,6   23:55   6,7   0,0   2,9  11,2  30,0   06:50   WNW
14   8,3  12,9   15:49   5,5   23:59   7,2   0,0   0,0   8,9  30,0   12:13    NW
15  10,1  14,9   14:30   5,4   00:18   5,5   0,0   0,2  11,4  31,0   14:57   WSW
16   6,7  11,2   13:48   4,0   21:34   8,8   0,0   3,2  12,3  51,0   16:59    NW
17   5,8  10,9   16:24   2,7   01:19   9,7   0,0   2,2   6,1  32,0   17:22    SW
18   2,4   3,9   01:15   0,3   23:38  13,1   0,0   1,0  11,0  23,0   11:18     N
19   1,0   2,7   19:26   0,0   08:14  14,5   0,0  14,1  14,4  37,0   21:59     N
20   1,9   3,9   12:27  -0,8   23:57  13,6   0,0   3,3  13,0  37,0   10:12   NNE
21   4,7  10,8   15:34  -2,7   04:48  10,8   0,0   0,1   9,6  27,0   16:12     W
22   7,7  11,7   13:32   3,8   21:52   7,8   0,0   1,3  14,6  34,0   13:53    NW
23   5,0   9,0   13:59   1,5   06:31  10,5   0,0   3,9  12,1  40,0   11:47    NW
24   7,3  12,3   17:16   2,6   04:44   8,2   0,0   0,2  11,2  36,0   16:35   WSW
25  10,9  17,6   13:17   4,1   02:55   4,7   0,1   0,9  13,1  50,0   13:37    SW
26   5,3   9,6   00:12   3,3   23:55  10,4   0,0   7,7   8,4  32,0   00:30     N
27   2,6   4,1   18:23   0,8   10:07  12,9   0,0   9,8   6,1  17,0   01:09     N
----------------------------------------------------------------------------------
     8,1  24,4     2    -2,7    21   208,0   8,5  70,8  11,0  55,0     6     WNW

Max >=  25,0:  0
Max <=  15,0: 20
Min <=  10,0: 26
Min <= -10,0:  0
Max Rain: 14,1 on day 19
Days of Rain: 20 (>= 0,2 mm)  13 (>= 2,0 mm)  0 (>= 20,0 mm)
Heat Base: 15,5  Cool Base: 15,5  Method: Integration