Raporty NOAA



Report for 2020 Lis
´╗┐                   Monthly Climatological Summary for lis 2020

Name: Pogoda w Radlinie   City: Radlin   State: Woj. slaskie
Elevation: 283 m  Lat: N 50┬░ 02' 43"   Lon: E 018┬░ 29' 36"

                  Temperature (┬░C), Rain (mm), Wind Speed (km/h)

                                      Heat  Cool        Avg
    Mean                              Deg   Deg         Wind                 Dom
Day Temp  High   Time   Low    Time   Days  Days  Rain  Speed High   Time    Dir
----------------------------------------------------------------------------------
 1  12,2  12,2   00:00  12,2   00:00   3,3   0,0   0,0  18,0  18,0   00:00     N
 2  12,2  12,2   00:00  12,2   00:00   3,3   0,0   0,0  18,0  18,0   00:00     N
 3  12,2  12,2   00:00  12,2   00:00   3,3   0,0   0,0  18,0  18,0   00:00     N
 4  12,2  12,2   00:00  12,2   00:00   3,3   0,0   0,0  18,0  18,0   00:00     N
 5  12,3  16,7   19:01  12,2   00:00   2,6   0,3   0,0  18,0  18,0   00:00     N
 6   6,0  16,7   00:01   3,6   21:27   3,3   0,8   0,1  11,8   9,0   17:16    NE
 7   8,4  16,3   14:50   4,5   00:05   9,1   0,0   0,0   3,1   7,0   15:20     S
 8   7,4  15,2   14:50   2,8   06:05   8,6   0,0   0,0   6,8  27,0   12:05   SSW
 9   3,8   4,4   00:05   3,7   00:20  11,8   0,0   0,0   8,9   9,0   00:35     S
10   3,7   3,7   00:05   3,7   00:05  11,8   0,0   0,0   9,0   9,0   00:05     S
11   3,7   3,7   00:05   3,7   00:05  11,8   0,0   0,0   9,0   9,0   00:05     S
12   6,5   7,2   16:35   3,7   00:05  10,7   0,0   0,1  10,7  22,0   18:50     S
13   8,1  10,0   14:35   6,0   00:05   8,8   0,0   0,0  14,6  19,0   14:50   SSW
14   7,7   7,7   00:05   7,7   00:05   7,8   0,0   0,0  11,0  11,0   00:05     S
15   8,5  11,0   14:50   6,3   18:05   8,0   0,0   0,0  10,5  15,0   16:20     S
16   6,3   6,3   00:05   6,3   00:05   9,2   0,0   0,0  10,0  10,0   00:05     S
17   6,3   6,3   00:05   6,3   00:05   9,2   0,0   0,0  10,0  10,0   00:05     S
18   8,4  11,7   15:05   6,3   00:05   8,4   0,0   0,0  10,2  19,0   21:20     S
19   8,3  10,0   12:35   6,6   18:20   8,1   0,0   0,3  19,7  46,0   12:20    SW
20   2,3   6,6   00:05   1,0   20:35  10,5   0,0   0,1  14,7  17,0   00:05   WNW
21   1,5   5,7   14:20   0,2   19:35  14,3   0,0   0,0  12,6  30,0   23:35   NNW
22   3,1   6,3   12:05   0,3   05:35  12,4   0,0   0,0  23,7  37,0   07:35    SW
23   3,7   5,4   13:24   2,3   07:21  11,8   0,0   0,0  13,6  38,0   09:43    SW
24   3,0   7,8   14:01   0,6   20:03  12,5   0,0   0,0  12,9  31,0   14:20   SSW
25   0,6   0,7   17:12   0,4   17:08  14,9   0,0   0,0  19,4  40,0   16:52    SW
26   0,5   0,5   00:00   0,5   00:00  15,0   0,0   0,0  30,0  30,0   00:00   WSW
27   0,5   0,5   00:00   0,5   00:00  15,0   0,0   0,0  30,0  30,0   00:00   WSW
----------------------------------------------------------------------------------
     6,3  16,7     5     0,2    21   248,8   1,1   0,6  18,9  46,0    19     WSW

Max >=  25,0:  0
Max <=  15,0: 23
Min <=  10,0: 22
Min <= -10,0:  0
Max Rain: 0,3 on day 19
Days of Rain: 1 (>= 0,2 mm)  0 (>= 2,0 mm)  0 (>= 20,0 mm)
Heat Base: 15,5  Cool Base: 15,5  Method: Integration