Raporty NOAA


Wybierz miesiac lub rok

Report for 2021 Paz
´╗┐                   Monthly Climatological Summary for pa┼║ 2021

Name: Pogoda w Radlinie   City: Radlin   State: Woj. slaskie
Elevation: 283 m  Lat: N 50┬░ 02' 43"   Lon: E 018┬░ 29' 36"

                  Temperature (┬░C), Rain (mm), Wind Speed (km/h)

                                      Heat  Cool        Avg
    Mean                              Deg   Deg         Wind                 Dom
Day Temp  High   Time   Low    Time   Days  Days  Rain  Speed High   Time    Dir
----------------------------------------------------------------------------------
 1  14,1  20,0   16:48  11,2   21:03  10,8   0,1   0,0   2,9  11,0   19:33    SE
 2  14,7  21,8   16:04   8,4   23:46   3,6   0,7   0,0   5,9  30,0   15:29   SSW
 3  15,6  24,0   16:04   8,2   00:08   7,9   1,3   0,0   3,7  21,0   16:04     S
 4  17,8  25,3   16:04  10,8   04:34   2,1   2,0   0,0   3,8  17,0   11:49    SW
 5  20,6  25,9   16:04  14,4   00:04   0,7   2,1   0,0   9,7  38,0   15:34     S
 6  16,3  18,1   00:19  14,3   11:49   0,7   0,4   1,0   5,8  17,0   03:34   SSE
 7  14,3  14,3   00:04  14,3   00:04   1,2   0,0   0,0   5,0   5,0   00:04     S
 8   9,2  15,7   16:04   5,3   23:19   3,0   0,0   0,1   6,1  15,0   16:19    SE
 9   6,6  14,2   15:49   1,0   05:34   8,9   0,0   0,0  10,8  27,0   12:34   ENE
10   5,7  14,2   16:19  -0,5   06:04  11,5   0,0   0,0   3,3  13,0   15:19   ENE
11   9,4  15,7   14:49   1,7   02:19   9,5   0,0   0,0   2,2  16,0   13:04   WNW
12   9,2  14,4   16:03   7,4   21:48   9,0   0,0   1,4   4,1  15,0   19:03   WNW
----------------------------------------------------------------------------------
    12,8  25,9     5    -0,5    10    68,9   6,6   2,5   5,3  38,0     5     SSE

Max >=  25,0:  2
Max <=  15,0:  4
Min <=  10,0:  7
Min <= -10,0:  0
Max Rain: 1,4 on day 12
Days of Rain: 2 (>= 0,2 mm)  0 (>= 2,0 mm)  0 (>= 20,0 mm)
Heat Base: 15,5  Cool Base: 15,5  Method: Integration